
Convert -6 (base 15) to base 2.
-110
What is -2 (base 16) in base 13?
-2
What is -133 (base 6) in base 7?
-111
What is -2 (base 15) in base 14?
-2
What is 25 (base 7) in base 14?
15
Convert -11 (base 7) to base 12.
-8
What is -26 (base 12) in base 14?
-22
What is 11001011 (base 2) in base 13?
128
What is -2 (base 8) in base 10?
-2
-30 (base 15) to base 7
-63
What is -101 (base 2) in base 11?
-5
Convert -1 (base 13) to base 9.
-1
-15 (base 7) to base 3
-110
Convert -1 (base 9) to base 6.
-1
-23 (base 11) to base 16
-19
-110 (base 2) to base 9
-6
Convert 8d (base 14) to base 10.
125
What is 1331 (base 4) in base 12?
a5
What is 2 (base 7) in base 15?
2
What is 1302 (base 5) in base 7?
406
Convert 30 (base 8) to base 14.
1a
What is -67 (base 8) in base 2?
-110111
Convert 73 (base 16) to base 9.
137
What is 1 (base 9) in base 4?
1
Convert -2 (base 4) to base 10.
-2
62 (base 9) to base 5
211
1 (base 2) to base 10
1
-22 (base 9) to base 14
-16
What is -32 (base 15) in base 5?
-142
What is 13 (base 5) in base 10?
8
-3 (base 9) to base 2
-11
Convert 22 (base 6) to base 7.
20
-1110 (base 2) to base 6
-22
11 (base 10) to base 3
102
Convert -3 (base 7) to base 9.
-3
What is 10 (base 3) in base 16?
3
Convert -4 (base 15) to base 16.
-4
What is -1 (base 16) in base 10?
-1
Convert -10 (base 7) to base 4.
-13
What is -44 (base 13) in base 6?
-132
Convert -20 (base 12) to base 8.
-30
21 (base 3) to base 9
7
What is -100 (base 2) in base 9?
-4
-2 (base 5) to base 8
-2
Convert 0 (base 6) to base 11.
0
Convert -10201 (base 3) to base 7.
-202
44 (base 16) to base 6
152
Convert -2 (base 6) to base 9.
-2
What is 210 (base 5) in base 7?
106
-102 (base 3) to base 5
-21
Convert 2a (base 14) to base 9.
42
What is 303 (base 4) in base 7?
102
What is 17 (base 9) in base 2?
10000
What is -9 (base 16) in base 10?
-9
23 (base 5) to base 7
16
1 (base 6) to base 15
1
Convert -9 (base 12) to base 14.
-9
What is -1020 (base 5) in base 10?
-135
What is -10231 (base 4) in base 7?
-610
3 (base 15) to base 4
3
What is 4 (base 14) in base 11?
4
Convert -3 (base 7) to base 4.
-3
Convert -14 (base 9) to base 14.
-d
What is 101 (base 10) in base 6?
245
Convert -3 (base 14) to base 8.
-3
What is 22 (base 3) in base 11?
8
Convert 0 (base 15) to base 4.
0
Convert 2 (base 14) to base 10.
2
What is -c (base 14) in base 7?
-15
164 (base 10) to base 6
432
-21 (base 11) to base 4
-113
What is 22 (base 5) in base 11?
11
Convert -3 (base 14) to base 7.
-3
15 (base 14) to base 10
19
What is 2 (base 7) in base 14?
2
Convert 26 (base 13) to base 6.
52
-1021 (base 5) to base 8
-210
What is 39 (base 13) in base 3?
1210
-11 (base 11) to base 14
-c
1 (base 2) to base 16
1
What is 96 (base 10) in base 7?
165
What is 337 (base 8) in base 7?
436
What is 5 (base 14) in base 15?
5
-1200 (base 3) to base 10
-45
What is 1001 (base 2) in base 14?
9
What is -22 (base 16) in base 2?
-100010
-2142 (base 5) to base 3
-102000
Convert -6 (base 14) to base 6.
-10
What is -21 (base 7) in base 4?
-33
What is 63 (base 9) in base 8?
71
What is 14 (base 10) in base 12?
12
-111 (base 7) to base 4
-321
What is 101 (base 4) in base 11?
16
Convert -4 (base 14) to base 11.
-4
-11 (base 2) to base 16
-3
Convert -2 (base 11) to base 8.
-2
Convert -1110 (base 2) to base 14.
-10
Convert -111111 (base 2) to base 8.
-77
Convert -11 (base 8) to base 12.
-9
Convert -3 (base 8) to base 9.
-3
What is 342 (base 5) in base 8?
141
What is 1d (base 15) in base 2?
11100
What is -6 (base 9) in base 5?
-11
What is 2 (base 5) in base 13?
2
Convert -1 (base 2) to base 10.
-1
What is 11 (base 2) in base 4?
3
64 (base 8) to base 11
48
Convert 7 (base 9) to base 7.
10
Convert -2 (base 5) to base 13.
-2
-2 (base 15) to base 5
-2
What is -2 (base 10) in base 8?
-2
10 (base 4) to base 8
4
13 (base 7) to base 6
14
What is 7 (base 12) in base 16?
7
What is 4 (base 10) in base 11?
4
0 (base 3) to base 2
0
What is -10 (base 3) in base 13?
-3
0 (base 8) to base 2
0
Convert 1a (base 12) to base 6.
34
-423 (base 5) to base 4
-1301
Convert 110111 (base 2) to base 14.
3d
-b1 (base 13) to base 8
-220
Convert a (base 15) to base 11.
a
Convert -321 (base 4) to base 10.
-57
What is 3 (base 8) in base 7?
3
22 (base 3) to base 16
8
-1011 (base 2) to base 15
-b
-11 (base 8) to base 6
-13
Convert -63 (base 11) to base 8.
-105
What is -220 (base 3) in base 5?
-44
Convert 11a (base 11) to base 14.
a2
What is -134 (base 5) in base 16?
-2c
Convert -5 (base 8) to base 15.
-5
Convert 12 (base 5) to base 4.
13
What is 33 (base 4) in base 16?
f
Convert -f9 (base 16) to base 8.
-371
What is -10 (base 12) in base 3?
-110
What is -9 (base 10) in base 2?
-1001
What is 61 (base 12) in base 4?
1021
Convert -14 (base 11) to base 6.
-23
What is -90 (base 14) in base 11?
-105
5 (base 10) to base 11
5
Convert 203 (base 5) to base 16.
35
What is 30 (base 5) in base 6?
23
What is -5 (base 10) in base 11?
-5
What is -10 (base 3) in base 16?
-3
Convert -1 (base 15) to base 16.
-1
Convert -1000 (base 2) to base 10.
-8
Convert 2023 (base 4) to base 11.
117
What is 0 (base 6) in base 14?
0
What is 88 (base 10) in base 9?
107
What is -2b (base 15) in base 9?
-45
Convert -d (base 15) to base 2.
-1101
What is -4 (base 6) in base 3?
-11
-1 (base 13) to base 2
-1
Convert 32 (base 11) to base 7.
50
Convert -1202 (base 4) to base 15.
-68
Convert 1 (base 8) to base 6.
1
What is 31 (base 5) in base 2?
10000
What is 121 (base 4) in base 3?
221
What is 124 (base 14) in base 2?
11100100
What is -3 (base 10) in base 7?
-3
What is -202 (base 4) in base 6?
-54
Convert 13b (base 15) to base 11.
236
Convert 11001 (base 2) to base 8.
31
27 (base 8) to base 3
212
Convert 2 (base 7) to base 5.
2
a0 (base 16) to base 6
424
What is 1 (base 6) in base 4?
1
What is 7 (base 16) in base 2?
111
145 (base 9) to base 15
82
Convert -10 (base 8) to base 7.
-11
45 (base 6) to base 9
32
Convert 42 (base 7) to base 3.
1010
-12 (base 4) to base 11
-6
What is -260 (base 7) in base 6?
-352
What is -30 (base 10) in base 13?
-24
-110 (base 4) to base 12
-18
-a3 (base 11) to base 15
-78
Convert 4 (base 13) to base 10.
4
104 (base 7) to base 6
125
What is 5 (base 9) in base 11?
5
Convert 20 (base 9) to base 4.
102
What is 101 (base 5) in base 3?
222
Convert 2100 (base 3) to base 12.
53
What is 1 (base 11) in base 15?
1
Convert 24 (base 8) to base 15.
15
What is 1 (base 2) in base 13?
1
What is 13 (base 13) in base 3?
121
What is 1 (base 16) in base 11?
1
Convert -dd (base 16) to base 4.
-3131
2d (base 15) to base 10
43
Convert -10 (base 9) to base 4.
-21
Convert 3 (base 14) to base 16.
3
-2 (base 14) to base 2
-10
111 (base 4) to base 2
10101
a0 (base 15) to base 5
1100
3 (base 9) to base 4
3
Convert 16 (base 8) to base 3.
112
Convert -75 (base 11) to base 14.
-5c
Convert -53 (base 6) to base 10.
-33
What is 34 (base 7) in base 5?
100
8 (base 14) to base 8
10
Convert -4 (base 14) to base 6.
-4
What is -5 (base 14) in base 6?
-5
Convert 3 (base 8) to base 5.
3
What is -15 (base 12) in base 11?
-16
1 (base 2) to base 15
1
What is 4 (base 9) in base 5?
4
Convert 93 (base 10) to base 12.
79
Convert 304 (base 8) to base 14.
100
-1201 (base 3) to base 4
-232
What is 12 (base 13) in base 7?
21
What is -2 (base 15) in base 6?
-2
Convert -33 (base 14) to base 5.
-140
Convert 210 (base 4) to base 5.
121
What is -11101 (base 2) in base 3?
-1002
What is 104 (base 7) in base 6?
125
Convert -40 (base 10) to base 2.
-101000
-1121 (base 4) to base 8
-131
Convert 1 (base 16) to base 12.
1
3 (base 15) to base 9
3
Convert 1b (base 15) to base 11.
24
18 (base 11) to base 14
15
Convert -1 (base 5) to base 15.
-1
1000 (base 2) to base 13
8
What is -12 (base 6) in base 15?
-8
Convert -4 (base 5) to base 12.
-4
What is -103 (base 5) in base 10?
-28
What is -3 (base 5) in base 6?
-3
-21 (base 10) to base 8
-25
What is -3d (base 15) in base 2?
-111010
-3 (base 4) to base 15
-3
-b0 (base 13) to base 8
-217
What is 147 (base 8) in base 16?
67
Convert -3 (base 7) to base 5.
-3
5 (base 8) to base 7
5
1 (base 11) to base 4
1
What is 21 (base 4) in base 6?
13
4 (base 14) to base 7
4
Convert 3 (base 12) to base 7.
3
26 (base 8) to base 13
19
What is 1b (base 16) in base 5?
102
-117 (base 8) to base 12
-67
Convert 1441 (base 5) to base 9.
303
What is -13 (base 